*2 - 2*r + 12*r**2. Give d(5).
7
Suppose 2*k + 3 = 3*o, o - 1 = 407*k - 411*k. Let h(f) = -3 + 4 - f + 0*f. Determine h(o).
0
Let p(z) = 4*z. Let a be p(1). Let l = 173 + -87. Let f(g) = -13 - l*g + 87*g + 9. Determine f(a).
0
Let z(a) = a**3 - 8*a**2 + 5*a + 5. Let q = 63 + -59. Suppose -q*b + 1 = -27. What is z(b)?
-9
Let g(r) = -1 + 184*r**2 - r + 6 - 183*r**2. What is g(6)?
35
Let n(f) = -588*f + f**2 + 294*f + 298*f - 1. Let v(o) be the second derivative of -o**3/6 + o. Let j be v(6). What is n(j)?
11
Let u(c) = 62*c**3 - 5*c**2 - 13*c - 3. Let o(i) = 29*i**3 - 2*i**2 - 6*i - 1. Let p(y) = 7*o(y) - 3*u(y). Calculate p(1).
17
Let d(n) = 19*n - 15. Let b(h) = -9*h + 8. Let w(g) = -9*b(g) - 4*d(g). Let f(r) = 6*r - 12 + 2 - 2. Let j(c) = -4*f(c) + 5*w(c). Calculate j(5).
-7
Let j(h) = 3*h**2 + 42*h + 121. Let z be j(-4). Let v(b) = 7*b**2. Calculate v(z).
7
Let t = 31 - 22. Suppose 33 = 6*n + t. Let l(x) = -x. Let u(c) = c. Let d(g) = 6*l(g) + 5*u(g). Calculate d(n).
-4
Suppose -4 = -5*j - 5*m - 49, -20 = 4*m. Let v(o) be the second derivative of o + 0 + 0*o**2 - 1/12*o**4 - 5/6*o**3. Determine v(j).
4
Let x(c) = -c**3 + 2*c + 71446*c**2 - 71446*c**2 + 3. Give x(-2).
7
Suppose z - 26 = -r - 4*z, -14 = r - 3*z. Let f(v) be the third derivative of 1/6*v**4 + 0*v + 9*v**2 + 0*v**3 + 0. Calculate f(r).
4
Suppose 13*m - 14*m = -9. Let h(r) be the third derivative of -r**6/120 + 2*r**5/15 + 3*r**4/8 + 11*r**3/6 + 3*r**2. Calculate h(m).
11
Let j be (1 + -2)*(-3 + 2). Suppose -2*z + 2 = -4*f, -2*z + 3*z - 3*f - 1 = 0. Let w(s) = -2*s**2 - z - 3 + 4. Calculate w(j).
-2
Let w = 7 - 7. Suppose 5*k = 4*z + 9, -z + 3*z - 8 = w. Let o(s) = -3*s + 3 + 2 - 9 + 8. Give o(k).
-11
Let v(o) = 2*o**2 - 6*o + 5. Let k(w) = 2*w**2 - 7*w + 7. Let b(m) = -2*k(m) + 3*v(m). Determine b(3).
7
Let l(n) = 3*n**3 - 16*n**2 + n + 7. Let d(s) = 4*s**3 - 18*s**2 + 2*s + 8. Let a(m) = -2*d(m) + 3*l(m). Determine a(12).
-7
Suppose 3*t - 3 = 0, 4*s + t + 1 = 6. Let u(y) = 3*y + 6. Let r(n) = 2*n + 1. Let d(m) = s*u(m) - 5*r(m). Give d(-1).
8
Let a(u) = u**2 + 4*u + 5. Let n = -1915 - -1913. Determine a(n).
1
Let w = 52 - 60. Let b(p) = -p**2 - 6*p + 9. What is b(w)?
-7
Let r(i) = 7*i + 4. Let a(y) = y - 1. Let s(l) = -l + 4. Let t(p) = -6*a(p) - 2*s(p). Suppose -3 = g + 3. Let d(z) = g*r(z) - 11*t(z). Calculate d(4).
6
Let g = 24 + -23. Let i(f) = -5*f - 5. Let z(o) = o. Let x(q) = g*i(q) - 3*z(q). Let v(u) = -8*u - 4. Let b(t) = -6*v(t) + 5*x(t). Determine b(1).
7
Let a(f) = -f**3 + 6*f**2 - 6*f + 7. Let w be a(5). Let n = -13 - -20. Let d(z) = -3 + n + w + 8*z - 9*z. Give d(5).
1
Let z(m) = -7*m**2 + 11*m + 8. Let s(q) = -q**2 + q. Let y(j) = -6*s(j) + z(j). Determine y(7).
-6
Suppose 128 = -k + 33*k. Let i(u) = -2*u + 6. Let z(x) = 2*x - 6. Let q(f) = 3*i(f) + 2*z(f). Calculate q(k).
-2
Let d(g) = 2*g**2 - g - 1. Suppose 4*a - 2 = -l - 4, 3*a = -2*l - 29. Let q be 12/66 + (-40)/l. Suppose -4*p + 18 = q*p. What is d(p)?
14
Suppose 3*s - 11 = -4*j, s = 3*s - 5*j + 31. Let n(p) = p**3 + p**2 - p + 2. What is n(s)?
-13
Suppose 5*m - 17 = -52. Let c(p) = -p**2. Let j(n) = 5*n**2 + 7*n - 2. Let i(z) = -4*c(z) - j(z). Calculate i(m).
2
Let h(b) = -b + 6. Let k(d) = 3*d - 17. Let t be (-1)/(2/(-12))*-1. Let l(f) = t*k(f) - 17*h(f). Determine l(-3).
3
Let s(m) = 2*m + 2. Suppose -4 = -3*j + y, 5*j + 56*y = 51*y + 40. What is s(j)?
8
Suppose -n = p + 8, -2*n + 0*p + 4 = -3*p. Let t(x) = x**3 + 3*x**2 - 5*x - 1. Determine t(n).
3
Suppose -2*k + 0*k = 0. Let o(z) = z**2 + z + 3. Let j be o(k). Let f = -1 - j. Let d(c) = -c - 2. Determine d(f).
2
Let f(l) = 5*l**2 - 1. Let a be (27 - -2) + 1*-1. Suppose -29 = 3*v + 2*k, 2*v - 3*k + 0*k = -a. Let x = v - -10. What is f(x)?
4
Let x(r) = r**2 - 4*r. Let i be x(3). Let y be i/1*(-10)/(-6). Let d(h) be the second derivative of h**3/6 + 2*h. What is d(y)?
-5
Let x = 53 + -57. Let d be 2*((-12)/6)/(x/(-10)). Let w(s) = s**2 + 11*s + 5. Determine w(d).
-5
Let i(k) = -k**2 - k - 5. Let v(d) = 2*d**2 + 17*d - 4. Let g be v(-9). Suppose u = g*u. Give i(u).
-5
Let l(n) = 79*n**2 - 47*n**2 - 3*n - 31*n**2 + 5. Give l(4).
9
Suppose 0*a - 2*l + 30 = 5*a, 4*l = 2*a + 12. Suppose -a*j - m + 7 = 3, 5*m - 5 = -5*j. Let p(q) = 7*q**3 + q**2 + q - 1. Calculate p(j).
8
Let h(q) = -13*q**3 - 59*q**2 + 53*q + 44. Let r(s) = 5*s**3 + 20*s**2 - 18*s - 15. Let w(a) = -3*h(a) - 8*r(a). Calculate w(16).
4
Let a(m) = 3*m - 23. Let g(j) = 7*j - 57. Let l(s) = 5*a(s) - 2*g(s). Give l(3).
2
Let z(o) be the third derivative of -o**4/12 + o**3/3 + 344*o**2 - 3. Suppose 2 = 4*i - 10. Suppose 6*v - 6 = i*v. Calculate z(v).
-2
Let o(n) be the second derivative of -n**5/20 + n**4/2 + 4*n**3/3 - 4*n**2 + 426*n. Give o(7).
-1
Let n(a) = -161 - 32*a + 150 + 33*a. Determine n(18).
7
Let f = -36 - -36. Suppose f = z + 3 - 8. Let y(r) = 2*r - 6. What is y(z)?
4
Let x(c) = -7*c - 17. Let p(v) = -6*v - 17. Let f(s) = 4*p(s) - 3*x(s). Let l be f(-7). Let d(a) = -2*a - 4*a + l + 2*a + 3*a. Give d(5).
-1
Let b(d) be the first derivative of -d**4/4 - 4*d**3 - 7*d**2 - 10*d - 332. Determine b(-11).
23
Let u(s) = s**2 - 3*s - 1. Let n be u(4). Let m(v) = v**3 - 15*v**2 - v + 29. Let h be m(15). Let b(r) = 0*r - h + 14 + 2*r. Calculate b(n).
6
Suppose -k = -16 + 7. Let j(l) = 6*l**2 - 5*l + 3*l**2 + l**2 - k*l**2 - 2. Let c be (-235)/(-45) + 4/(-18). Give j(c).
-2
Let y be ((-35)/(-14))/(1/(-2)). Let g(m) be the first derivative of 4/3*m**3 + 6*m + 1/4*m**4 - 5/2*m**2 + 6. Give g(y).
6
Suppose 8*f = 75 - 19. Let b(y) = -y**3 + 7*y**2 - 4. Calculate b(f).
-4
Let d(i) = -3*i**2 - 8*i. Let k(y) = -5*y**2 - 15*y + 1. Let u(m) = -7*d(m) + 4*k(m). Give u(5).
9
Suppose 6*p - p = 0, 2*p = -4*w + 8. Suppose 3*c + 5 = w*t + 16, -4*c = t. Let a(z) = 2*z - 4*z - z. Give a(c).
-3
Let b(g) be the first derivative of -7*g**3/3 - g**2/2 + g + 536. Let a(x) = -x**2 - x + 1. Let i be a(0). Determine b(i).
-7
Let f = -14 - -23. Let y(v) = 1 - 16*v + 6*v - 13 + f*v. Give y(-7).
-5
Let j(r) = -7*r + 1. Let m(g) = -9*g**3 - g**2 + g - 1. Let p be m(1). Let z be 4/p*(-42 - 3). Let y = z + -17. What is j(y)?
-6
Let n(j) = -j - 2. Suppose 4*k - 2 = -42. Let f be 2/10*-49 + 2/k. What is n(f)?
8
Let j(q) = 50*q - 17. Let g(s) = 11*s. Let h(d) = -4*g(d) + j(d). Give h(5).
13
Let u be (-8)/(-2) + 19 - -4. Let a = u + -27. Let h(f) = -f - 4. Give h(a).
-4
Let o(k) be the third derivative of k**8/6720 - k**7/630 - 7*k**6/720 + k**4/8 - 20*k**2. Let l(j) be the second derivative of o(j). Calculate l(5).
-10
Suppose s - x = 16, -4*s - 5*x - 18 = -73. Suppose -4*z = -0 - 8. Suppose z*w - s = -1. Let o(i) = -i**3 + 7*i**2 + i - 1. Calculate o(w).
6
Suppose -8 = -5*m + 4*h, -m - 5*h - 7 = 3. Let t(p) = -p + m + 7 - 2. Give t(-5).
10
Let w = 39 + -26. Suppose -3 = -n - w. Let a = n - -10. Let s(f) = f**2 - f + 5. Give s(a).
5
Let s(f) = 3*f**2 - 8*f + 3. Let z be -5*((-11 - -3) + (-21)/(-3)). Determine s(z).
38
Let o(k) be the third derivative of k**5/60 + k**4/4 + k**2. Suppose -312 = 19*h + 24*h - 54. Calculate o(h).
0
Let j(n) be the second derivative of 4*n**3/3 - 373*n - 2. Determine j(-4).
-32
Let n(d) be the third derivative of d**8/1260 - d**7/5040 + d**6/720 + 7*d**5/30 + 7*d**2. Let i(g) be the third derivative of n(g). Give i(1).
16
Suppose -12 = -5*m + 3*m. Let r(k) = -k - 10. Let u(i) = i + 9. Let q(z) = m*r(z) + 5*u(z). Let j be (-34)/4 - 2/4. What is q(j)?
-6
Suppose -49*y = 3*q - 53*y + 4, 2*q - 5*y + 12 = 0. Let f(t) be the third derivative of -1/20*t**5 - 1/6*t**3 + 0*t + 2*t**2 + 0 + 1/8*t**q. Give f(2).
-7
Suppose 0 = -4*z + 2 + 34. Let w(a) = -22 + z - a + 12. Give w(1).
-2
Let d(v) = v**3 + 10*v**2 - 10*v + 8. Let s be d(-11). Let g(r) = -2*r**2 + 2*r + 2. Determine g(s).
-22
Let s(g) be the first derivative of 1/3*g**3 - 2*g + 1/2*g**2 - 34. What is s(0)?
-2
Let u(v) = v - 5. Let k be u(7). Let l(o) = 2*o**2 - 3*o. Let i be l(k). Let t(y) = 1 + y - 1 - y**3 + i. Give t(2).
-4
Let v(u) be the third derivative of u**6/120 + u**3/6 + u**2. Let c be (-10 - 0)*(108/30 - 4). Suppose c*q - 20 = -2*p, -19 = 5*p - 5*q + 6. Determine v(p).
1
Let p(g) = g**3 - 3*g**2 + 2*g + 2. Suppose m = -0 - 1. Suppose -25 = 10*k + 115. Let u be m/(-1)*k/(-7). Give p(u).
2
Suppose -26*l + 35 = -19*l. Let g(m) = -m**2 + 4*m